 11, 17, 1087
List the prime factors of 2097131847.
3, 1013, 690073
What are the prime factors of 246248573?
43, 5726711
List the prime factors of 955146341.
349, 353, 7753
What are the prime factors of 2960456334?
2, 3, 11, 59, 760261
List the prime factors of 1810014916.
2, 67, 1373, 4919
List the prime factors of 90916734.
2, 3, 15152789
List the prime factors of 345722272.
2, 7, 313, 4931
What are the prime factors of 757476084?
2, 3, 239, 264113
What are the prime factors of 2787985487?
7, 56897663
List the prime factors of 37117882.
2, 37, 501593
What are the prime factors of 4655279214?
2, 3, 2281, 113383
What are the prime factors of 424825842?
2, 3, 7, 59, 171439
What are the prime factors of 627280360?
2, 5, 7, 320041
List the prime factors of 79956534.
2, 3, 7, 431, 631
List the prime factors of 57051900.
2, 3, 5, 63391
List the prime factors of 144213363.
3, 7, 17, 19, 373
List the prime factors of 24864909.
3, 23, 89, 4049
List the prime factors of 2959496389.
83, 35656583
What are the prime factors of 99286036?
2, 24821509
List the prime factors of 93751996.
2, 13, 1802923
List the prime factors of 1959936192.
2, 3, 1013, 3359
List the prime factors of 44828021.
7, 6404003
What are the prime factors of 2923146034?
2, 1461573017
What are the prime factors of 265044226?
2, 23, 179, 32189
List the prime factors of 3428693944.
2, 13, 19, 71, 24439
What are the prime factors of 6124031910?
2, 3, 5, 68044799
What are the prime factors of 435620749?
435620749
List the prime factors of 159416875.
5, 379, 673
List the prime factors of 59512396.
2, 14878099
List the prime factors of 497845318.
2, 248922659
What are the prime factors of 14698645?
5, 13, 226133
List the prime factors of 218919477.
3, 7, 10424737
List the prime factors of 10569703.
307, 34429
What are the prime factors of 351436795?
5, 70287359
List the prime factors of 757820026.
2, 2393, 158341
List the prime factors of 118716834.
2, 3, 73, 271043
What are the prime factors of 555847201?
7, 13, 59, 103529
What are the prime factors of 1787059923?
3, 11, 54153331
What are the prime factors of 2437640415?
3, 5, 7, 2161, 3581
List the prime factors of 1537840900.
2, 5, 59, 260651
What are the prime factors of 1035499140?
2, 3, 5, 13, 49169
What are the prime factors of 55736800?
2, 5, 7, 37, 269
What are the prime factors of 732759147?
3, 2029, 40127
List the prime factors of 40449776.
2, 67, 97, 389
What are the prime factors of 29319350?
2, 5, 586387
List the prime factors of 974428037.
11, 8317, 10651
What are the prime factors of 2431363236?
2, 3, 202613603
What are the prime factors of 611404831?
43, 1657, 8581
List the prime factors of 796013775.
3, 5, 89, 127, 313
What are the prime factors of 272336230?
2, 5, 97, 280759
List the prime factors of 412817263.
73, 5655031
What are the prime factors of 129845838?
2, 3, 89, 243157
What are the prime factors of 4013611055?
5, 802722211
List the prime factors of 102959053.
102959053
What are the prime factors of 46175737?
79, 457, 1279
What are the prime factors of 2465121830?
2, 5, 23, 137, 78233
List the prime factors of 3121498.
2, 1560749
What are the prime factors of 5610598047?
3, 7829, 79627
List the prime factors of 3879133979.
7, 151, 373, 9839
List the prime factors of 2472462.
2, 3, 137359
What are the prime factors of 109092381?
3, 23, 251, 6299
What are the prime factors of 1373012100?
2, 3, 5, 41, 79, 157
List the prime factors of 1605022773.
3, 43, 211, 58967
What are the prime factors of 44859585?
3, 5, 2990639
What are the prime factors of 280600978?
2, 7, 20042927
List the prime factors of 186340217.
7, 199, 133769
List the prime factors of 348135341.
59, 439, 13441
What are the prime factors of 1009914348?
2, 3, 6217, 13537
What are the prime factors of 22008221?
22008221
What are the prime factors of 23360627?
4027, 5801
List the prime factors of 135376594.
2, 541, 125117
What are the prime factors of 1199178756?
2, 3, 411241
List the prime factors of 45471952.
2, 41, 69317
What are the prime factors of 145744574?
2, 131, 167, 3331
List the prime factors of 14394986.
2, 2459, 2927
List the prime factors of 252408870.
2, 3, 5, 7, 521, 769
List the prime factors of 201108439.
7, 31, 926767
What are the prime factors of 6284446?
2, 7, 9161
List the prime factors of 1995546733.
1995546733
List the prime factors of 7332123.
3, 1493, 1637
List the prime factors of 112573305.
3, 5, 13, 199, 967
List the prime factors of 903929467.
7, 129132781
What are the prime factors of 2314047855?
3, 5, 7, 31, 79, 8999
What are the prime factors of 28794606?
2, 3, 43, 233, 479
List the prime factors of 2526348685.
5, 7, 43, 197, 8521
What are the prime factors of 49411620?
2, 3, 5, 3389
What are the prime factors of 175227126?
2, 3, 17, 1717913
What are the prime factors of 3298308835?
5, 659661767
List the prime factors of 467875152.
2, 3, 19, 171007
List the prime factors of 39535643.
7, 23, 245563
What are the prime factors of 1581760182?
2, 3, 31, 97, 87671
List the prime factors of 51241519.
7, 17, 430601
What are the prime factors of 35830219?
19, 1885801
List the prime factors of 927996402.
2, 3, 131, 1180657
List the prime factors of 1510411675.
5, 113, 534659
List the prime factors of 8744214.
2, 3, 149, 9781
What are the prime factors of 201920753?
201920753
List the prime factors of 1061498138.
2, 71, 233, 32083
List the prime factors of 2892384462.
2, 3, 11, 811, 54037
List the prime factors of 1741026184.
2, 217628273
What are the prime factors of 2562206932?
2, 37, 41, 422249
List the prime factors of 1480175816.
2, 7, 4547, 5813
List the prime factors of 449896342.
2, 7, 733, 6263
What are the prime factors of 603597595?
5, 1061, 113779
List the prime factors of 33303342.
2, 3, 5550557
What are the prime factors of 435972908?
2, 7, 89, 137, 1277
What are the prime factors of 20070272?
2, 156799
List the prime factors of 916429553.
13, 2237, 31513
What are the prime factors of 28271220?
2, 3, 5, 471187
List the prime factors of 12403652.
2, 3100913
List the prime factors of 160519650.
2, 3, 5, 1070131
List the prime factors of 2736585623.
53, 51633691
What are the prime factors of 94294059?
3, 83, 378691
What are the prime factors of 2102734509?
3, 71, 9871993
What are the prime factors of 1884763305?
3, 5, 41883629
What are the prime factors of 48044125?
5, 17, 23, 983
What are the prime factors of 64722806?
2, 32361403
What are the prime factors of 34888271?
11, 3171661
What are the prime factors of 49323636?
2, 3, 1370101
List the prime factors of 2037382124.
2, 29, 31, 461, 1229
List the prime factors of 1305111052.
2, 7, 46611109
What are the prime factors of 116704938?
2, 3, 7, 2778689
List the prime factors of 3482691196.
2, 17, 1151, 44497
What are the prime factors of 626997627?
3, 577, 120739
List the prime factors of 364017507.
3, 7, 37, 468491
List the prime factors of 39559326.
2, 3, 1459, 4519
What are the prime factors of 325692182?
2, 2543, 64037
List the prime factors of 1541364247.
1541364247
List the prime factors of 117154173.
3, 37, 677, 1559
List the prime factors of 314924814.
2, 3, 383, 15227
What are the prime factors of 1613619935?
5, 19, 43, 101, 3911
List the prime factors of 86984772.
2, 3, 7, 1035533
What are the prime factors of 447739496?
2, 55967437
What are the prime factors of 462539664?
2, 3, 37, 86813
List the prime factors of 2209774916.
2, 463, 1193183
What are the prime factors of 1824580728?
2, 3, 103, 27337
What are the prime factors of 162796053?
3, 7, 29, 267317
What are the prime factors of 597774083?
353, 1693411
List the prime factors of 31286723.
13, 2406671
What are the prime factors of 225768471?
3, 4663, 16139
What are the prime factors of 262444713?
3, 89, 982939
List the prime factors of 367130187.
3, 887, 45989
What are the prime factors of 540527505?
3, 5, 7, 5147881
What are the prime factors of 39087292?
2, 9771823
List the prime factors of 104026909.
7, 14860987
What are the prime factors of 42256430?
2, 5, 337, 12539
List the prime factors of 211337890.
2, 5, 71, 297659
What are the prime factors of 2327165100?
2, 3, 5, 13, 66301
What are the prime factors of 395707573?
395707573
List the prime factors of 134460492.
2, 3, 19, 101, 5839
What are the p